prime factors of h?
3, 17, 19
Let i = -57 + 59. List the prime factors of (-164)/(-24) - (-3 + i)/6.
7
Let x be 6 - 1/2*-8. What are the prime factors of 20*(-1 + x/5)?
2, 5
Let r be (3 + 2)*((-47)/(-5) + -1). Suppose 7*v - r - 49 = 0. List the prime factors of v.
13
Suppose -144 = -2*q + 4*g, 0 = 3*q - 2*q + 2*g - 80. Let l = q + -52. List the prime factors of l.
2, 3
Let f(g) = g**3 + 14*g**2 + 24*g - 8. Let o be f(-12). Let p(k) = k + 16. List the prime factors of p(o).
2
Let k(w) = -5*w**3 - 16*w**2 + 8*w + 5. Let i(y) = 4*y**3 + 16*y**2 - 9*y - 6. Let n(p) = 6*i(p) + 5*k(p). List the prime factors of n(15).
2
Suppose -2093 - 4027 = -8*f. What are the prime factors of f?
3, 5, 17
Let w be (1 - -44) + 2/(-1). Suppose 0*v - 36 = -2*d - 2*v, w = d - 4*v. Suppose -d = -0*g - g. List the prime factors of g.
23
List the prime factors of 2/(12/2302) - 14/21.
383
Suppose 8*n - 272 = 4*n. Let t = -34 + n. List the prime factors of t.
2, 17
Let v = 1823 - 867. What are the prime factors of v?
2, 239
Let z = -149 + 410. List the prime factors of z.
3, 29
Let d = 8 + -5. Let x be (-43 - (-7)/(21/9))*-1. Suppose -d*s - x = -157. What are the prime factors of s?
3, 13
Suppose 6*b - 30 = b. Suppose 0 = -b*r + 3*r + 78. Suppose -2*m + r = -50. What are the prime factors of m?
2, 19
Let u(d) = -141*d - 122. What are the prime factors of u(-4)?
2, 13, 17
Let s(j) = -j**3 - 10*j**2 - 8*j - 1. Let c be s(-9). List the prime factors of (c/2)/((-2)/18).
3, 5
Let k = -1957 + 4276. What are the prime factors of k?
3, 773
Let l be 2/(-14) - (-552)/(-56). Let m = l + 2. Let k(p) = -4*p - 6. What are the prime factors of k(m)?
2, 13
Let z be (-3 - -1) + 5 + 133. Suppose z = 2*a - 2*k + 4*k, 3*a - 4*k = 232. List the prime factors of a.
2, 3
Let c(z) = 3*z**3 - 4*z**2 + 3*z. Let y be c(2). Suppose -y*w + 9*w = -40. What are the prime factors of (-30)/w*32/(-12)?
2, 5
Let p = -192 + 345. What are the prime factors of p?
3, 17
Let d = 87 + -143. List the prime factors of 3/(-7) - 2988/d*4.
3, 71
Let m(b) = -24*b**3 - 4*b**2 + 5*b + 59. List the prime factors of m(-4).
1511
Suppose 3 = 6*j - 3. What are the prime factors of (j/(-2))/((-4)/656)?
2, 41
Suppose 0 = -2*j + 1 + 1. Let n(w) = 3*w**2 + 10*w**2 - j + 2*w + 23*w**2 + 2. What are the prime factors of n(-1)?
5, 7
Suppose 0 = -5*t - 44 + 124. Suppose 172 = 2*o - t. What are the prime factors of 1/((-1 - -3)/o)?
47
Let f = -19 + 79. Let d = 114 - f. List the prime factors of d.
2, 3
Suppose -5 = 5*z, -3*f + z = 4*z - 255. Let s(q) = 2*q + 8. Let t be s(-4). Suppose -5*i + 39 + f = t. What are the prime factors of i?
5
Let j = 665 - -1132. What are the prime factors of j?
3, 599
List the prime factors of 732/1708 + (-44010)/(-14).
2, 3, 131
Let j(s) be the first derivative of -7*s**2/2 - 3*s + 1. Let d be ((-12)/(-8))/((-6)/8). What are the prime factors of j(d)?
11
Suppose -3*z - 5*g - 16 = 2, -3*z = -3*g + 18. Let y = 13 + z. Let n(t) = -t**3 + 9*t**2 - 11*t + 10. What are the prime factors of n(y)?
31
List the prime factors of ((-284)/781)/(1/(-7513)).
2, 683
Let l be (9 - -9)/((4/(-25))/(-2)). Suppose -2*c + 439 = 5*f, 5*c - 3*f - l = 4*c. What are the prime factors of c?
2, 3, 37
Let n(y) = -y**3 - 5*y**2 + 6*y + 6. Let x(d) = d**2 - d - 1. Let w(b) = n(b) + 5*x(b). List the prime factors of w(-4).
61
Suppose -4*t + 42 = 5*l + 1, -4*l = 3*t - 32. Suppose -21*c + 24*c = 228. Suppose -c = -t*w + 164. What are the prime factors of w?
2, 3, 5
Let x(p) = -2*p + 4. Let q be x(0). Suppose -q*s = -5*b + 14, -3*b + 2 = 5*s - s. Suppose l - b*l = -16. What are the prime factors of l?
2
Let d(h) = h**2 - 15*h + 16. Let l be d(14). Let p(g) = g + 2. Let t be p(l). Suppose k + 24 = t*k. What are the prime factors of k?
2
Let v be (-2)/((-7)/((-42)/(-4))). Suppose x + 4*t = 89, -v*t = 2*x - 233 + 35. List the prime factors of x.
3, 5, 7
Let z be 1 - 0*(-2)/(-6). List the prime factors of 0 + z + (73 - (-1 + 2)).
73
Let z = 345 - 205. List the prime factors of z.
2, 5, 7
List the prime factors of 29950/90 + 3/(54/4).
3, 37
Suppose 4*d - 7 = -3. What are the prime factors of (d - 0) + (-704)/(-11)?
5, 13
Let q = 127 - 119. Suppose -5*c + 12 = -q. List the prime factors of c.
2
Let h be 34*(-28 - (-4 - -1)). Let k be h/(-4) - (-1)/(-2). Suppose 17*d - k = 13*d. List the prime factors of d.
53
Suppose -c + 0*c = -2*k + 1, 5 = 4*k - 3*c. Let x(p) = -192*p**3 - 4*p - 5. List the prime factors of x(k).
191
Let c = 1 - -3. Suppose 2*t + 3 = 5*t + q, -t - 12 = -c*q. Suppose t = 2*p + 3*j - 38, 0 = -5*p + 2*j - 5*j + 104. What are the prime factors of p?
2, 11
Suppose 8*u + 108 = 12*u. Suppose 2*n = 3*l + 47, n + l - u = -l. List the prime factors of n.
5
Let k = 2128 - 718. List the prime factors of k.
2, 3, 5, 47
Suppose -2*q = -12*q - 80. List the prime factors of (-21)/6*(-3)/(-42)*q.
2
Suppose -50*g + b = -45*g + 139, -2*b + 82 = -3*g. Suppose -6*f = -3*f - 114. Let v = g + f. List the prime factors of v.
2, 5
Let r be (3 - 2)/(4/388). Suppose -2*c + r = c + 4*x, 2*x - 101 = -3*c. List the prime factors of c.
5, 7
What are the prime factors of ((-160)/100)/(-2*(-4)/(-13320))?
2, 3, 37
Let z be (16/40)/(((-4)/(-10))/2). Suppose 0 = -2*r + b + 427 - 80, -z*r = 4*b - 332. List the prime factors of r.
2, 43
Suppose 11*f - 1548 = 7*f + 3*n, -5*n = 2*f - 774. List the prime factors of f.
3, 43
Let f be (15/12)/(1/(-4)). Let a(l) = -26*l - 24. What are the prime factors of a(f)?
2, 53
Suppose -a - 1517 = -2*y, -751 = -y + 5*a - 2*a. Suppose 3*x + b - 626 = 0, 4*x - 64 = 4*b + y. Suppose 5*s - x = s. What are the prime factors of s?
2, 13
Suppose y - 1 = -n, 7*y - 2*y + 31 = 4*n. Suppose -5*j - 3*h - 1 - 2 = 0, -4 = -4*j + 4*h. Suppose n*w - 119 - 33 = j. What are the prime factors of w?
2, 19
Suppose -6*d - 5*h = -3*d - 60, 4*d - 80 = -4*h. Let f = d - -67. What are the prime factors of f?
3, 29
Suppose -2382 = -8*r + 9338. List the prime factors of r.
5, 293
Let d be (-2 + 1)*(-1 + 1). Suppose 3*n = -4*n. Suppose n = -d*l - 4*l + 28. What are the prime factors of l?
7
Let b(n) = -6*n**2 + n - 3 + n**3 + 2 - 4 + 1. Suppose -2*j + 2 = -10. List the prime factors of b(j).
2
Let g be 1/(-4) + 6327/12. Suppose -2*o + g = 5*i, -o + 2*i + 265 = 6*i. List the prime factors of o.
3, 29
Let o be 8/(-12)*(4 - 7). Suppose -3*u - o*t + 13 = 0, -5*t + 13 = 2*u - 14. List the prime factors of (-3*u)/(36/(-24)).
2
Suppose 4*i - 383 - 296 = 3*u, -4*i + 4*u = -680. Suppose 3*b - i = 98. List the prime factors of b.
89
Let x(k) = k**3 + 9*k**2 + 6*k + 12. Let o be x(-8). Let b be (10/8)/(7/o). Suppose -22 + b = -w. What are the prime factors of w?
17
Let x = -146 + 1676. List the prime factors of x.
2, 3, 5, 17
Suppose 4*q = -2*f + 5754, 0 = -6*f + 10*f + 20. List the prime factors of q.
11, 131
Suppose 0 = 5*o - 2*y - 0*y - 56, 4*o - 3*y = 49. Let k(q) = q**3 - 9*q**2 - 7*q + 12. List the prime factors of k(o).
2, 3, 7
What are the prime factors of (11 + (-2919)/(-35))/((-2)/(-10))?
2, 59
List the prime factors of (-1005)/((-1 - 5)/54*3).
3, 5, 67
Let m(q) = q**2 - 2*q + 3. Let d be m(2). What are the prime factors of 2/d - 1266/(-18)?
71
Let l be 5/(-20)*-41*-4. Let m = l + 90. What are the prime factors of m?
7
Suppose -4*u = -16, 0*n - 4*u - 180 = 2*n. Let j = 147 + n. What are the prime factors of j?
7
Let j(r) = r**2 - r - 3. Suppose 35 = 3*p + 4*s, 4*p = 2*s + 3*s - 5. What are the prime factors of j(p)?
17
Suppose -9*d + 6 = -6*d. Suppose 2*s + 16 = 4*v, 5*v - d = -5*s + 3. What are the prime factors of 7 + (2 - (-4 - s))?
11
List the prime factors of ((-8700)/90)/((-2)/15).
5, 29
Suppose 193*f - 182491 = 152*f. What are the prime factors of f?
4451
Let j = 1495 + -871. What are the prime factors of j?
2, 3, 13
Let h(x) = -34*x + 7. Let a be h(7). List the prime factors of (a/22)/((-6)/32).
2, 7
Let j = 3162 - 2225. List the prime factors of j.
937
Let d be 9/(-6) + (-56)/(-16). Let w(v) be the first derivative of 10*v**2 - 2*v + 1. What are the prime factors of w(d)?
2, 19
Let g = -8 - -10. Suppose 0 = -3*c - y + 11 + g, 4*c = -5*y + 32. What are the prime factors of 26/c*(-4 + 7)?
2, 13
Suppose 232 = 5*r - 4*i, 10*i - 11*i + 41 = r. List the prime factors of r.
2, 11
Let w = 92 + -92. Suppose -4*z + 0*z + 664 = w. List the prime factors of 